+ 6 = -n, v = 2*n + 3*n - 4*b. Determine q(n).
3
Let q be 6/(-15) + (-102)/(-30). Let a(y) = -3*y - 5 + 5 - q + y**2. What is a(5)?
7
Let i(u) = 8*u**2 + 13*u - 5. Let n(y) = -11*y**2 - 15*y + 6. Let h(p) = 4*i(p) + 3*n(p). What is h(10)?
-32
Suppose 0 = -0*d + 6*d - 12. Suppose d*o + 2 = 20. Let s(p) = -p + 3. Calculate s(o).
-6
Let o(v) = -v**2 - 6*v + 3. Let b be o(-7). Let p(h) = -h**3 - 4*h**2 - 6 - 45*h + 87*h - 46*h. What is p(b)?
10
Let f(d) be the first derivative of -d**3/3 + d**2 - 9*d + 113. Give f(3).
-12
Let y(d) = -d**2 + 5*d + 4. Let x(c) = 5*c**2 - 17*c + 12. Let r be x(3). Calculate y(r).
-2
Suppose -4*p + 5*j = -13, -2*j + 0*j - 6 = -2*p. Let w(y) = 2*y**p - 3 - 3*y**2 + 0*y**2 + 6*y. Let d = -9 - -11. Determine w(d).
5
Let q(x) = 5*x**3 - 4*x**2 + 5*x + 2. Let p(r) = 4*r**3 - 3*r**2 + 4*r + 1. Let y(b) = 3*p(b) - 2*q(b). Let m be y(1). Let h(z) = -3*z**2 + 4*z - 3. Give h(m).
-7
Let y(f) = -37*f - 42*f + 114*f - 40*f. Calculate y(-1).
5
Let h be (1 + -1)/((-3)/3). Let l(o) be the third derivative of -o**6/120 + o**5/60 + 2*o**3/3 + 4763*o**2. Calculate l(h).
4
Let p(a) = a**2 + 4*a - 2. Let s(r) = r**2 + 7*r - 103. Let h be s(-14). Give p(h).
3
Let z(u) be the third derivative of -u**6/120 + 7*u**5/60 - u**3 - 2*u**2. Let y = 11 - -12. Suppose -24 = -4*n - 4*f, 4*n - 5*f + y = 8*n. Determine z(n).
-6
Let p(y) = y - 16. Let d(x) = 4*x - 66. Let g(f) = 2*d(f) - 9*p(f). Calculate g(10).
2
Let v(p) = -90 - 2*p - p**2 + 52 + 42. Determine v(-2).
4
Let t(y) = 2*y**3 - y**2 - 2*y - 1. Let s(p) = -13*p**3 + 13*p**2 + 10*p + 13. Let u(k) = -s(k) - 6*t(k). Calculate u(7).
7
Let x(a) = -12 + 4 + 3 - a + 1. What is x(-2)?
-2
Let u = 22 - 17. Suppose 4*i + 2 + 8 = -2*o, -3*i + o = u. Let l(w) = -w - 4. Determine l(i).
-2
Let r(v) = 3*v - 11. Let k(m) = 17*m - 55. Let u(s) = -2*k(s) + 11*r(s). Suppose -5 = d - 0*l - 5*l, -5*d - 5*l = -5. Determine u(d).
-11
Let f(w) = -23*w**2 - 9*w - 21*w**2 + 3 - 7 + 45*w**2. Give f(9).
-4
Let g(s) = -3*s**2 + 1207*s + 2*s**2 - 1206*s - 1. Let c be ((-6)/(4 - 7))/1. Give g(c).
-3
Let j(h) = -65*h**2 - 12*h + 16*h + 69*h**2 - h**3. Calculate j(5).
-5
Let p(g) be the second derivative of -g**3/6 - g**2/2 - g + 81. Give p(-7).
6
Let d(v) = -5*v**3 + 13*v**2 - 15*v - 14. Let p(i) = -3*i**3 + 7*i**2 - 8*i - 7. Let l(g) = -4*d(g) + 7*p(g). What is l(-3)?
-5
Let u be (-2)/4*-7 + (-21)/42. Let f(j) be the first derivative of -2*j**3/3 - j**2 - 1. Calculate f(u).
-24
Let f = 1250 - 1243. Let u(t) = -t**3 + 6*t**2 + 11*t - 11. Determine u(f).
17
Let b(u) = u + 22. Let i = -6 + -11. Give b(i).
5
Let r(v) be the third derivative of v**7/2520 + v**6/360 - v**5/40 + 19*v**4/24 + 2*v**2. Let x(g) be the second derivative of r(g). Give x(-3).
0
Let i(n) = 2*n**3 - 4*n**2 + 2*n + 1. Suppose 405 = 5*b - 2*v, 405 = 5*b - 2*v + v. Let j = 83 - b. What is i(j)?
5
Suppose -2*d - 2*u + 58 = 16, d - 1 = 3*u. Suppose d = -4*n, -2*x = -n - n - 12. Let q(c) = -2*c**3 + 1 + 1 - 6 - 4*c**x - c + 6. Determine q(-2).
4
Let y(l) = -l - 5. Let u(j) = j**3 + 10*j**2 + 8*j - 1. Let v be u(-9). Suppose 0 = 3*d - v - 4. Suppose g + 4 = h + 2, -2*h = -d*g - 16. Give y(g).
1
Suppose 2*l + 2 - 10 = 0. Let p = -124 + 132. Let x(c) = c**3 + p*c**2 + 2*c - 12*c**2 + 2 - c**2. Determine x(l).
-6
Suppose 7*j - 2*j = 25. Suppose -j*p = -10*p - 15. Let n = p - 1. Let x(z) = 3*z - 4. Determine x(n).
-16
Let p(h) = -3*h**2 + h - 5. Let c(j) = -1. Let y(d) = 2*c(d) - p(d). Let u(k) = 1. Let g(q) = 2*u(q) - y(q). What is g(1)?
-3
Let r(y) = 4*y - 8. Let p(i) = -i**2 - 2. Let s(z) = -p(z) + r(z). Give s(-5).
-1
Let z(o) = 12*o + 1. Let j(v) = -23*v - 2. Let b(r) = -4*j(r) - 7*z(r). Suppose -6*u - 20 = -14. Give b(u).
-7
Let o(h) be the first derivative of -h**2/2 + 26*h + 138. Determine o(8).
18
Let d(z) be the third derivative of z**6/120 + z**5/10 + z**4/6 - 7*z**3/6 + 86*z**2. Give d(-5).
-2
Let r(a) be the first derivative of a**3/3 + a**2 - 1. Let g(h) = -5*h**2 + 21*h + 308. Let p be g(-6). Determine r(p).
8
Let p(d) = -d**3 - d**2 + 3*d - 3. Let g be 1*4/4*0. Suppose -7*u + 4*u = g. Suppose 7 + u = f - 2*t, -4*t - 32 = 4*f. Calculate p(f).
6
Let k = 329 + -330. Let y(d) = 12*d**2 + 1. Calculate y(k).
13
Suppose -5*o + n + 705 = 0, 5*o = 3*n + 873 - 178. Let v(f) = -o*f + 69*f + 70*f + 12. What is v(9)?
-15
Suppose 56 = -15*h - 4. Let f(w) = 2*w**2 + 6*w. Determine f(h).
8
Let k be (35 - -28) + 1*3. Let f(y) = 58*y - k*y - 2*y**2 + 0*y**2 + y**2 + 1. Let q = 15 - 22. Give f(q).
8
Suppose 3*p = -14 + 23. Let c(x) = 3*x - 1. Let a(o) = -3*o + 1. Let l(f) = p*c(f) + 4*a(f). Give l(3).
-8
Let a(b) = -24*b + 24. Let h(n) = -5*n + 5. Let d(l) = 3*a(l) - 14*h(l). Let j be (-4 - (1 - -1)) + (-2)/(-1) + 8. Determine d(j).
-6
Let a(h) = h + 17. Suppose -2*v - 13 = g + 2, -2*g + 3*v = 16. Calculate a(g).
6
Suppose 4*p = -3*k + 9, 6 = -p - 2*k + 2. Let n(i) be the second derivative of 3/2*i**3 + 0 - 4*i - 4*i**2 - 1/12*i**4. Calculate n(p).
10
Let x = -8 + 9. Let p(a) = a**3 - a**2 + 1. Let n(z) = 4*z**3 + 7*z**2 - 11*z - 6. Let q(l) = x*n(l) - 3*p(l). Give q(-11).
-9
Let m(r) = 4 + 3 + 347*r + 5 - 348*r + 0. Give m(7).
5
Suppose 5*p + 2*k - 20 = -0*k, 3*p - 11 = -k. Let l be p - 8/(-4)*2. Let i(f) = f**3 - 6*f**2. Determine i(l).
0
Let g(i) = 24*i**2 - 2*i - 1. Suppose 16*z - 480 = -496. What is g(z)?
25
Let j(r) = r**2 + 7*r + 5. Let w = 409 + -416. What is j(w)?
5
Let c(p) = p**2. Let v(m) = 5*m**2 + 4*m + 6. Let q be (-30)/12*1/(10/4). Let j(z) = q*v(z) + 6*c(z). Determine j(5).
-1
Let q(r) = 3*r**2 - 2*r + 7. Let o(c) = -13*c**2 + 5*c - 29. Let z(s) = 2*o(s) + 9*q(s). Calculate z(6).
-7
Let a(l) be the second derivative of l**6/360 - l**5/15 + 7*l**4/24 + 35*l**3/6 - 14*l. Let t(i) be the second derivative of a(i). Determine t(6).
-5
Let u(r) = 1 - 4*r + 3 + 5*r. Suppose 31*k + 20 = 27*k. What is u(k)?
-1
Let m(o) = 4*o**2 + 28 - 50 - 3*o**2 - 4*o + 29. Determine m(3).
4
Let b be (-6)/(-2) + -1 + 7. Let i(p) = -15 + p**2 + 8 + 9*p - b. Let a be i(-11). Let o(y) = -y**3 + 6*y**2 - y + 4. Give o(a).
-2
Let x be (-1284)/180 - (-2)/15. Let n(t) = -7*t - 1 + 6*t - 6. What is n(x)?
0
Let v(y) be the third derivative of y**4/4 + y**3/3 - y**2 + 75*y. Give v(-1).
-4
Suppose -a = -4*a - 3. Suppose z - 5 = -4*z. Let x(g) = -1 + 1 + z - g - 2*g. Determine x(a).
4
Let t(p) = -p**3 - 5*p**2 - 2*p + 5. Suppose 19*d + 2*d + 84 = 0. Determine t(d).
-3
Suppose -3*j + 2 = 3*w - 10, 0 = -w + 5*j - 14. Let s(p) be the third derivative of -p**5/60 - p**4/12 + p**3/6 + 208*p**2. Give s(w).
-2
Let l(k) = -k**2 - 2*k + 1. Let q(y) = y**3 + y**2 - 3*y + 2. Let h be q(1). Let u = 12 + -11. Let b be 3 + u + (-1)/h. Calculate l(b).
-14
Let b(i) be the second derivative of i**7/840 + 7*i**6/360 + i**5/30 - 7*i**4/24 + 7*i**3/6 + 33*i. Let d(n) be the second derivative of b(n). What is d(-6)?
5
Let f(h) be the second derivative of 2*h**3/3 + h**2 + 2*h. Let n be (-2)/8 - (-21)/(-12). Let o be f(n). Let c(t) = -t**3 - 7*t**2 - 5*t + 1. Calculate c(o).
-5
Let f(j) = j**3 + 9*j**2 + 5*j - 3. Let d be (1 - -6*4/(-6)) + -5. Give f(d).
21
Suppose -6*w + 14 = 2. Let x(u) = -w*u**2 + 1 + 3 + 2*u - 1 - 4. Calculate x(2).
-5
Let n(p) = p**2 + 5*p + 4. Let j = 33 + -22. Let k be -2 + 15 - (-3 + 1). Let g = j - k. Determine n(g).
0
Suppose 0 = 5*w + 5*w - 10. Let x(q) = 27*q**3 + q**2 - 1. Give x(w).
27
Let j(f) = -9*f**3 + 2*f**2 - 9*f - 1. Let i(v) = -11*v**3 + 2*v**2 - 11*v - 2. Let b(k) = -5*i(k) + 6*j(k). Determine b(-2).
2
Let k(a) = 3 + a + a - 2*a**2 + a**3 - 6*a. Suppose 249 = -2*c + 65. Let w = -89 - c. Determine k(w).
0
Let i(t) be the third derivative of t**4/12 - 2*t**3/3 + 103*t**2 + 2. Suppose 5*f - 22 = 3. What is i(f)?
6
Let h(y) be the second derivative of y**3/6 - 7*y**2/2 + 809*y. Let c(q) = q**3 - 7*q**2 + 6*q + 4. Let t be c(6). Determine h(t).
-3
Let w(y) be the third derivative of -y**4/24 + y**3/2 - 6*y**2. Let k be w(0). Let b(i) = 3 - i**k + i**3 + 3*i - i**3. Give b(-2).
5
Let j(x) be the second derivative of x**3/3 - x**2/2 - x. Let b be (-2 - (-16)/12)*(-3)/(-2). Give j(b).
-3
Let q(o) = -o**3 - 2*o**2 + 1. Let f(l) = 3*l - 29. Let g be f(-7). Let m = g - -48. Give q(m).
1
Let y(z) = -z**2 + z + 1. Let r be y(3). Let v(h) = 14 + h - 55 + 12 + 16 + 14. What is v